{"id":963,"date":"2025-03-25T17:08:59","date_gmt":"2025-03-25T16:08:59","guid":{"rendered":"https:\/\/www.lekshoppen.se\/?post_type=product&#038;p=963"},"modified":"2025-03-25T17:08:59","modified_gmt":"2025-03-25T16:08:59","slug":"warriors-of-chaos-battalion","status":"publish","type":"product","link":"https:\/\/www.lekshoppen.se\/index.php\/produkt\/warriors-of-chaos-battalion\/","title":{"rendered":"Warriors of Chaos Battalion"},"content":{"rendered":"<p>Skicka in de obevekliga f\u00f6rk\u00e4mparna f\u00f6r de m\u00f6rka gudarna f\u00f6r att \u00f6verv\u00e4ldiga din fiende. M\u00e5ngsidiga plastmodeller g\u00f6r att du kan bygga dem i olika konfigurationer f\u00f6r att ge taktiska alternativ.<\/p>\n<p>Bygg k\u00e4rnan i en arm\u00e9 och spara pengar j\u00e4mf\u00f6rt med att k\u00f6pa kiten individuellt.<\/p>\n","protected":false},"excerpt":{"rendered":"<p>Warriors of Chaos Battalion<\/p>\n","protected":false},"featured_media":964,"template":"","meta":[],"product_brand":[],"product_cat":[38,70],"product_tag":[],"class_list":{"0":"post-963","1":"product","2":"type-product","3":"status-publish","4":"has-post-thumbnail","6":"product_cat-warhammer","7":"product_cat-warhammertheoldworld","9":"first","10":"instock","11":"shipping-taxable","12":"product-type-simple"},"_links":{"self":[{"href":"https:\/\/www.lekshoppen.se\/index.php\/wp-json\/wp\/v2\/product\/963","targetHints":{"allow":["GET"]}}],"collection":[{"href":"https:\/\/www.lekshoppen.se\/index.php\/wp-json\/wp\/v2\/product"}],"about":[{"href":"https:\/\/www.lekshoppen.se\/index.php\/wp-json\/wp\/v2\/types\/product"}],"wp:featuredmedia":[{"embeddable":true,"href":"https:\/\/www.lekshoppen.se\/index.php\/wp-json\/wp\/v2\/media\/964"}],"wp:attachment":[{"href":"https:\/\/www.lekshoppen.se\/index.php\/wp-json\/wp\/v2\/media?parent=963"}],"wp:term":[{"taxonomy":"product_brand","embeddable":true,"href":"https:\/\/www.lekshoppen.se\/index.php\/wp-json\/wp\/v2\/product_brand?post=963"},{"taxonomy":"product_cat","embeddable":true,"href":"https:\/\/www.lekshoppen.se\/index.php\/wp-json\/wp\/v2\/product_cat?post=963"},{"taxonomy":"product_tag","embeddable":true,"href":"https:\/\/www.lekshoppen.se\/index.php\/wp-json\/wp\/v2\/product_tag?post=963"}],"curies":[{"name":"wp","href":"https:\/\/api.w.org\/{rel}","templated":true}]}}