{"id":901,"date":"2025-03-02T16:57:51","date_gmt":"2025-03-02T15:57:51","guid":{"rendered":"https:\/\/www.lekshoppen.se\/?post_type=product&#038;p=901"},"modified":"2025-03-02T16:57:51","modified_gmt":"2025-03-02T15:57:51","slug":"leo-och-hans-vanner","status":"publish","type":"product","link":"https:\/\/www.lekshoppen.se\/index.php\/produkt\/leo-och-hans-vanner\/","title":{"rendered":"Leo och hans v\u00e4nner"},"content":{"rendered":"<p>En popup-bok om Leo och hans v\u00e4nner.<\/p>\n<p>Kan du hj\u00e4lpa Leo att hitta sina v\u00e4nner? L\u00e4s sagan och hitta alla v\u00e4nnerna!\u00a0Den h\u00e4r s\u00f6ta boken \u00e4r perfekt f\u00f6r en mysig sagostund.<\/p>\n<p>0-3 \u00e5r<\/p>\n","protected":false},"excerpt":{"rendered":"<p>Pop-up bok<\/p>\n","protected":false},"featured_media":902,"template":"","meta":[],"product_brand":[],"product_cat":[67],"product_tag":[],"class_list":{"0":"post-901","1":"product","2":"type-product","3":"status-publish","4":"has-post-thumbnail","6":"product_cat-bocker","8":"first","9":"instock","10":"shipping-taxable","11":"product-type-simple"},"_links":{"self":[{"href":"https:\/\/www.lekshoppen.se\/index.php\/wp-json\/wp\/v2\/product\/901","targetHints":{"allow":["GET"]}}],"collection":[{"href":"https:\/\/www.lekshoppen.se\/index.php\/wp-json\/wp\/v2\/product"}],"about":[{"href":"https:\/\/www.lekshoppen.se\/index.php\/wp-json\/wp\/v2\/types\/product"}],"wp:featuredmedia":[{"embeddable":true,"href":"https:\/\/www.lekshoppen.se\/index.php\/wp-json\/wp\/v2\/media\/902"}],"wp:attachment":[{"href":"https:\/\/www.lekshoppen.se\/index.php\/wp-json\/wp\/v2\/media?parent=901"}],"wp:term":[{"taxonomy":"product_brand","embeddable":true,"href":"https:\/\/www.lekshoppen.se\/index.php\/wp-json\/wp\/v2\/product_brand?post=901"},{"taxonomy":"product_cat","embeddable":true,"href":"https:\/\/www.lekshoppen.se\/index.php\/wp-json\/wp\/v2\/product_cat?post=901"},{"taxonomy":"product_tag","embeddable":true,"href":"https:\/\/www.lekshoppen.se\/index.php\/wp-json\/wp\/v2\/product_tag?post=901"}],"curies":[{"name":"wp","href":"https:\/\/api.w.org\/{rel}","templated":true}]}}