{"id":698,"date":"2024-10-24T12:02:45","date_gmt":"2024-10-24T10:02:45","guid":{"rendered":"https:\/\/www.lekshoppen.se\/?post_type=product&#038;p=698"},"modified":"2024-10-24T12:04:51","modified_gmt":"2024-10-24T10:04:51","slug":"citadel-akrylfarg","status":"publish","type":"product","link":"https:\/\/www.lekshoppen.se\/index.php\/produkt\/citadel-akrylfarg\/","title":{"rendered":"Citadel hobbyf\u00e4rg"},"content":{"rendered":"<p>Denna f\u00e4rg \u00e4r f\u00f6rst och fr\u00e4mst avsedd f\u00f6r mini figurm\u00e5lning. Att m\u00e5la dina miniatyrer, ta dem fr\u00e5n ren plast till fullt realiserade krigare, \u00e4r en av de mest tillfredsst\u00e4llande delarna av Warhammer-hobbyn. Visa upp dina miniatyrer, anv\u00e4nd dem i dina spel och njut av m\u00e5lning som ett kreativt och avkopplande tidsf\u00f6rdriv.<\/p>\n<p><iframe loading=\"lazy\" title=\"Why Citadel Colour?\" width=\"1020\" height=\"574\" src=\"https:\/\/www.youtube.com\/embed\/GhTozreH9iY?feature=oembed\" frameborder=\"0\" allow=\"accelerometer; autoplay; clipboard-write; encrypted-media; gyroscope; picture-in-picture; web-share\" referrerpolicy=\"strict-origin-when-cross-origin\" allowfullscreen><\/iframe><\/p>\n<p><iframe loading=\"lazy\" title=\"How to Use Citadel Colour Base Paints | Beginner | Warhammer Painting Essentials\" width=\"1020\" height=\"574\" src=\"https:\/\/www.youtube.com\/embed\/yYFJHC9jJuQ?feature=oembed\" frameborder=\"0\" allow=\"accelerometer; autoplay; clipboard-write; encrypted-media; gyroscope; picture-in-picture; web-share\" referrerpolicy=\"strict-origin-when-cross-origin\" allowfullscreen><\/iframe><\/p>\n","protected":false},"excerpt":{"rendered":"<p>Citadel hobbyf\u00e4rg<\/p>\n","protected":false},"featured_media":699,"template":"","meta":[],"product_brand":[],"product_cat":[45,54,18,38],"product_tag":[],"class_list":{"0":"post-698","1":"product","2":"type-product","3":"status-publish","4":"has-post-thumbnail","6":"product_cat-citadel","7":"product_cat-farg","8":"product_cat-populart","9":"product_cat-warhammer","11":"first","12":"instock","13":"shipping-taxable","14":"product-type-simple"},"_links":{"self":[{"href":"https:\/\/www.lekshoppen.se\/index.php\/wp-json\/wp\/v2\/product\/698","targetHints":{"allow":["GET"]}}],"collection":[{"href":"https:\/\/www.lekshoppen.se\/index.php\/wp-json\/wp\/v2\/product"}],"about":[{"href":"https:\/\/www.lekshoppen.se\/index.php\/wp-json\/wp\/v2\/types\/product"}],"wp:featuredmedia":[{"embeddable":true,"href":"https:\/\/www.lekshoppen.se\/index.php\/wp-json\/wp\/v2\/media\/699"}],"wp:attachment":[{"href":"https:\/\/www.lekshoppen.se\/index.php\/wp-json\/wp\/v2\/media?parent=698"}],"wp:term":[{"taxonomy":"product_brand","embeddable":true,"href":"https:\/\/www.lekshoppen.se\/index.php\/wp-json\/wp\/v2\/product_brand?post=698"},{"taxonomy":"product_cat","embeddable":true,"href":"https:\/\/www.lekshoppen.se\/index.php\/wp-json\/wp\/v2\/product_cat?post=698"},{"taxonomy":"product_tag","embeddable":true,"href":"https:\/\/www.lekshoppen.se\/index.php\/wp-json\/wp\/v2\/product_tag?post=698"}],"curies":[{"name":"wp","href":"https:\/\/api.w.org\/{rel}","templated":true}]}}