{"id":645,"date":"2024-09-12T15:19:20","date_gmt":"2024-09-12T13:19:20","guid":{"rendered":"https:\/\/www.lekshoppen.se\/?post_type=product&#038;p=645"},"modified":"2024-09-12T15:43:17","modified_gmt":"2024-09-12T13:43:17","slug":"amsterdam-akrylfarg-20ml","status":"publish","type":"product","link":"https:\/\/www.lekshoppen.se\/index.php\/produkt\/amsterdam-akrylfarg-20ml\/","title":{"rendered":"Amsterdam akrylf\u00e4rg 20ml"},"content":{"rendered":"<p>Amsterdam akrylf\u00e4rg \u00e4r en mycket m\u00e5ngsidig f\u00e4rg av toppkvalite\u00b4. Tack vare anv\u00e4ndandet av h\u00f6gkvalitativa pigment har alla f\u00e4rger h\u00f6gsta ljus\u00e4kthetsbetyg. F\u00e4rgen \u00e4r ocks\u00e5 v\u00e4l l\u00e4mpad f\u00f6r undervisning. De vattenbaserade f\u00e4rgerna kommer i en m\u00e5ngsidig och bred palett som b\u00e5de inneh\u00e5ller klassiska f\u00e4rger s\u00e5v\u00e4l metallic-f\u00e4rger. F\u00e4rgerna \u00e4r h\u00e4rliga och flexibla att arbeta med d\u00e5 de samarbetar v\u00e4l med b\u00e5de olika medier och helt vanligt vatten. En annan uppskattad aspekt av f\u00e4rgserien \u00e4r att den praktiskt taget \u00e4r doftfri. Det man m\u00e5lar med de ljus\u00e4kta och best\u00e4ndiga f\u00e4rgerna fr\u00e5n Amsterdam Acrylics har alla f\u00f6ruts\u00e4ttningar f\u00f6r att f\u00e5 en l\u00e5ng livsl\u00e4ngd under goda f\u00f6rh\u00e5llanden och f\u00f6rutsatt att man m\u00e5lat p\u00e5 en syrafri canvas. Torktid f\u00f6r tunna lager uppskattas till en halvtimme, men det kan variera om man anv\u00e4nt m\u00e5larmedier. Tuberna inneh\u00e5ller 20 ml. N\u00e4r f\u00e4rgen torkat \u00e4r den vattenfast.<\/p>\n<p>Opaciteten anges p\u00e5 f\u00f6ljande vis: tom fyrkant = transparent \/ genomskinlig, tv\u00e4rkorsad fyrkant = semitransparent \/ halvgenomskinlig, halvfylld fyrkant = semiopak \/halvt\u00e4ckande, fylld fyrkant = opak \/ t\u00e4ckande<\/p>\n","protected":false},"excerpt":{"rendered":"<p>Amsterdam akrylf\u00e4rg 20ml<\/p>\n","protected":false},"featured_media":652,"template":"","meta":[],"product_brand":[],"product_cat":[54,22],"product_tag":[],"class_list":{"0":"post-645","1":"product","2":"type-product","3":"status-publish","4":"has-post-thumbnail","6":"product_cat-farg","7":"product_cat-hobby","9":"first","10":"instock","11":"shipping-taxable","12":"product-type-simple"},"_links":{"self":[{"href":"https:\/\/www.lekshoppen.se\/index.php\/wp-json\/wp\/v2\/product\/645","targetHints":{"allow":["GET"]}}],"collection":[{"href":"https:\/\/www.lekshoppen.se\/index.php\/wp-json\/wp\/v2\/product"}],"about":[{"href":"https:\/\/www.lekshoppen.se\/index.php\/wp-json\/wp\/v2\/types\/product"}],"wp:featuredmedia":[{"embeddable":true,"href":"https:\/\/www.lekshoppen.se\/index.php\/wp-json\/wp\/v2\/media\/652"}],"wp:attachment":[{"href":"https:\/\/www.lekshoppen.se\/index.php\/wp-json\/wp\/v2\/media?parent=645"}],"wp:term":[{"taxonomy":"product_brand","embeddable":true,"href":"https:\/\/www.lekshoppen.se\/index.php\/wp-json\/wp\/v2\/product_brand?post=645"},{"taxonomy":"product_cat","embeddable":true,"href":"https:\/\/www.lekshoppen.se\/index.php\/wp-json\/wp\/v2\/product_cat?post=645"},{"taxonomy":"product_tag","embeddable":true,"href":"https:\/\/www.lekshoppen.se\/index.php\/wp-json\/wp\/v2\/product_tag?post=645"}],"curies":[{"name":"wp","href":"https:\/\/api.w.org\/{rel}","templated":true}]}}