{"id":529,"date":"2024-08-01T21:16:04","date_gmt":"2024-08-01T19:16:04","guid":{"rendered":"https:\/\/www.lekshoppen.se\/?post_type=product&#038;p=529"},"modified":"2024-08-01T21:16:04","modified_gmt":"2024-08-01T19:16:04","slug":"citadel-colour-sub-assembly-holder","status":"publish","type":"product","link":"https:\/\/www.lekshoppen.se\/index.php\/produkt\/citadel-colour-sub-assembly-holder\/","title":{"rendered":"Citadel colour sub-assembly holder"},"content":{"rendered":"<p>H\u00e5ller kr\u00e5ngliga bitar p\u00e5 plats p\u00e5 ett s\u00e4kert s\u00e4tt medan du arbetar. G\u00f6r det l\u00e4ttare att m\u00e5la sm\u00e5, viktiga komponenter, som huvuden och vapen, innan du slutf\u00f6r monteringen av den slutliga modellen. Kompatibel med ett brett utbud av Citadel Colour-m\u00e5lningstillbeh\u00f6r.<\/p>\n","protected":false},"excerpt":{"rendered":"<p>Citadel h\u00e5llare.<\/p>\n","protected":false},"featured_media":530,"template":"","meta":[],"product_brand":[],"product_cat":[45,38],"product_tag":[],"class_list":{"0":"post-529","1":"product","2":"type-product","3":"status-publish","4":"has-post-thumbnail","6":"product_cat-citadel","7":"product_cat-warhammer","9":"first","10":"instock","11":"shipping-taxable","12":"product-type-simple"},"_links":{"self":[{"href":"https:\/\/www.lekshoppen.se\/index.php\/wp-json\/wp\/v2\/product\/529","targetHints":{"allow":["GET"]}}],"collection":[{"href":"https:\/\/www.lekshoppen.se\/index.php\/wp-json\/wp\/v2\/product"}],"about":[{"href":"https:\/\/www.lekshoppen.se\/index.php\/wp-json\/wp\/v2\/types\/product"}],"wp:featuredmedia":[{"embeddable":true,"href":"https:\/\/www.lekshoppen.se\/index.php\/wp-json\/wp\/v2\/media\/530"}],"wp:attachment":[{"href":"https:\/\/www.lekshoppen.se\/index.php\/wp-json\/wp\/v2\/media?parent=529"}],"wp:term":[{"taxonomy":"product_brand","embeddable":true,"href":"https:\/\/www.lekshoppen.se\/index.php\/wp-json\/wp\/v2\/product_brand?post=529"},{"taxonomy":"product_cat","embeddable":true,"href":"https:\/\/www.lekshoppen.se\/index.php\/wp-json\/wp\/v2\/product_cat?post=529"},{"taxonomy":"product_tag","embeddable":true,"href":"https:\/\/www.lekshoppen.se\/index.php\/wp-json\/wp\/v2\/product_tag?post=529"}],"curies":[{"name":"wp","href":"https:\/\/api.w.org\/{rel}","templated":true}]}}