{"id":408,"date":"2024-07-14T17:58:46","date_gmt":"2024-07-14T15:58:46","guid":{"rendered":"https:\/\/www.lekshoppen.se\/?post_type=product&#038;p=408"},"modified":"2024-07-14T17:58:47","modified_gmt":"2024-07-14T15:58:47","slug":"playgro-skallror-start-set","status":"publish","type":"product","link":"https:\/\/www.lekshoppen.se\/index.php\/produkt\/playgro-skallror-start-set\/","title":{"rendered":"Playgro Skallror start set"},"content":{"rendered":"<p>Detta set inneh\u00e5ller 3st skallror\u00a0 En som du kan s\u00e4tta p\u00e5 vristen eller handleden, en om \u00e4r l\u00e4tt f\u00f6r den lille att h\u00e5lla i och en med ringar och kulor som ger i fr\u00e5n sig ett skramlande och klickande ljud. De olika strukturerna och ljuden uppmuntrar barnet att r\u00f6ra och greppa.<\/p>\n<p>Perfekt present till baby shower, V\u00e4lkommen till v\u00e4rlden- och doppresent.<\/p>\n<p>Rek.\u00e5lder 0+<\/p>\n","protected":false},"excerpt":{"rendered":"<p>Skallror, present set.<\/p>\n","protected":false},"featured_media":409,"template":"","meta":[],"product_brand":[],"product_cat":[21,36,15],"product_tag":[],"class_list":{"0":"post-408","1":"product","2":"type-product","3":"status-publish","4":"has-post-thumbnail","6":"product_cat-baby","7":"product_cat-babylek","8":"product_cat-leksaker","10":"first","11":"instock","12":"shipping-taxable","13":"product-type-simple"},"_links":{"self":[{"href":"https:\/\/www.lekshoppen.se\/index.php\/wp-json\/wp\/v2\/product\/408","targetHints":{"allow":["GET"]}}],"collection":[{"href":"https:\/\/www.lekshoppen.se\/index.php\/wp-json\/wp\/v2\/product"}],"about":[{"href":"https:\/\/www.lekshoppen.se\/index.php\/wp-json\/wp\/v2\/types\/product"}],"wp:featuredmedia":[{"embeddable":true,"href":"https:\/\/www.lekshoppen.se\/index.php\/wp-json\/wp\/v2\/media\/409"}],"wp:attachment":[{"href":"https:\/\/www.lekshoppen.se\/index.php\/wp-json\/wp\/v2\/media?parent=408"}],"wp:term":[{"taxonomy":"product_brand","embeddable":true,"href":"https:\/\/www.lekshoppen.se\/index.php\/wp-json\/wp\/v2\/product_brand?post=408"},{"taxonomy":"product_cat","embeddable":true,"href":"https:\/\/www.lekshoppen.se\/index.php\/wp-json\/wp\/v2\/product_cat?post=408"},{"taxonomy":"product_tag","embeddable":true,"href":"https:\/\/www.lekshoppen.se\/index.php\/wp-json\/wp\/v2\/product_tag?post=408"}],"curies":[{"name":"wp","href":"https:\/\/api.w.org\/{rel}","templated":true}]}}