{"id":399,"date":"2024-07-14T17:31:04","date_gmt":"2024-07-14T15:31:04","guid":{"rendered":"https:\/\/www.lekshoppen.se\/?post_type=product&#038;p=399"},"modified":"2024-07-14T17:31:04","modified_gmt":"2024-07-14T15:31:04","slug":"playgro-babymobil","status":"publish","type":"product","link":"https:\/\/www.lekshoppen.se\/index.php\/produkt\/playgro-babymobil\/","title":{"rendered":"Playgro Babymobil"},"content":{"rendered":"<div>Ring en v\u00e4n och s\u00e4g HEJ! Barnet kommer att \u00e4lska att delta i rollekar med den h\u00e4r roliga, livfulla telefonen! Med 9 olika melodier kommer barnet att sv\u00e4nga i takt samtidigt som det utvecklar sina motoriska f\u00e4rdigheter. Dial-a-Friend-telefonen kommer att ge massor av skoj och skratt och m\u00f6jligheter till l\u00e4rande. Hj\u00e4lp barnet att l\u00e4ra sig siffror och gl\u00e4djen i rollekar med den h\u00e4r interaktiva telefonen. Ljudet kan du justeras.<\/div>\n<div><\/div>\n<div>Kr\u00e4ver 3&#215;1,5V AAA batterier. Ing\u00e5r<\/div>\n<div>Rek.\u00e5lder 1+<\/div>\n<div><\/div>\n","protected":false},"excerpt":{"rendered":"<p>Ring en v\u00e4n!<\/p>\n","protected":false},"featured_media":400,"template":"","meta":[],"product_brand":[],"product_cat":[21,36,15],"product_tag":[],"class_list":{"0":"post-399","1":"product","2":"type-product","3":"status-publish","4":"has-post-thumbnail","6":"product_cat-baby","7":"product_cat-babylek","8":"product_cat-leksaker","10":"first","11":"instock","12":"shipping-taxable","13":"product-type-simple"},"_links":{"self":[{"href":"https:\/\/www.lekshoppen.se\/index.php\/wp-json\/wp\/v2\/product\/399","targetHints":{"allow":["GET"]}}],"collection":[{"href":"https:\/\/www.lekshoppen.se\/index.php\/wp-json\/wp\/v2\/product"}],"about":[{"href":"https:\/\/www.lekshoppen.se\/index.php\/wp-json\/wp\/v2\/types\/product"}],"wp:featuredmedia":[{"embeddable":true,"href":"https:\/\/www.lekshoppen.se\/index.php\/wp-json\/wp\/v2\/media\/400"}],"wp:attachment":[{"href":"https:\/\/www.lekshoppen.se\/index.php\/wp-json\/wp\/v2\/media?parent=399"}],"wp:term":[{"taxonomy":"product_brand","embeddable":true,"href":"https:\/\/www.lekshoppen.se\/index.php\/wp-json\/wp\/v2\/product_brand?post=399"},{"taxonomy":"product_cat","embeddable":true,"href":"https:\/\/www.lekshoppen.se\/index.php\/wp-json\/wp\/v2\/product_cat?post=399"},{"taxonomy":"product_tag","embeddable":true,"href":"https:\/\/www.lekshoppen.se\/index.php\/wp-json\/wp\/v2\/product_tag?post=399"}],"curies":[{"name":"wp","href":"https:\/\/api.w.org\/{rel}","templated":true}]}}