{"id":1244,"date":"2026-03-13T12:27:20","date_gmt":"2026-03-13T11:27:20","guid":{"rendered":"https:\/\/www.lekshoppen.se\/?post_type=product&#038;p=1244"},"modified":"2026-03-13T12:27:20","modified_gmt":"2026-03-13T11:27:20","slug":"fredslilja","status":"publish","type":"product","link":"https:\/\/www.lekshoppen.se\/index.php\/produkt\/fredslilja\/","title":{"rendered":"Fredslilja"},"content":{"rendered":"<p>Njut av ett harmoniskt pysselprojekt med byggsetet LEGO\u00ae Botanicals Fredslilja (11504) f\u00f6r vuxna, som l\u00e5ter natur\u00e4lskare skapa en vacker liljeprydnad. K\u00e4nn din kreativitet blomma ut n\u00e4r du bygger en elegant LEGO Fredslilja, med liljor i 3 olika livsstadier: uppt\u00e4ck 2 hoprullade knoppar, 2 delvis utslagna blommor och 2 i full blom. Beundra de naturtrogna LEGO blommorna innan du uppt\u00e4cker roliga detaljer, som en morot i ny f\u00e4rg som bildar kolven p\u00e5 den halvt utslagna liljan och en popcorndel i toppen av kolven p\u00e5 den fullt utslagna liljan. LEGO fredsliljan visas i en persikof\u00e4rgad blomkruka och blir en vacker blomsterprydnad som sk\u00e4nker en aning lugn till vilket rum som helst. Detta blomsterbyggset, som \u00e4r en omt\u00e4nksam presentid\u00e9 till f\u00f6delsedagar, inflyttningsfester, mors dag och alla hj\u00e4rtans dag, finns i appen LEGO Builder, d\u00e4r aspirerande florister kan zooma in, rotera och f\u00f6lja sina framsteg. Setet har 474 delar och \u00e4r 30 cm h\u00f6gt, 25 cm brett och 22 cm djupt.<\/p>\n<p>Rek.\u00e5lder 18+<\/p>\n","protected":false},"excerpt":{"rendered":"<p>Fredslilja<\/p>\n","protected":false},"featured_media":1245,"template":"","meta":[],"product_brand":[],"product_cat":[57,66,17],"product_tag":[],"class_list":{"0":"post-1244","1":"product","2":"type-product","3":"status-publish","4":"has-post-thumbnail","6":"product_cat-lego","7":"product_cat-lego-botanical","8":"product_cat-nyheter","10":"first","11":"instock","12":"shipping-taxable","13":"product-type-simple"},"_links":{"self":[{"href":"https:\/\/www.lekshoppen.se\/index.php\/wp-json\/wp\/v2\/product\/1244","targetHints":{"allow":["GET"]}}],"collection":[{"href":"https:\/\/www.lekshoppen.se\/index.php\/wp-json\/wp\/v2\/product"}],"about":[{"href":"https:\/\/www.lekshoppen.se\/index.php\/wp-json\/wp\/v2\/types\/product"}],"wp:featuredmedia":[{"embeddable":true,"href":"https:\/\/www.lekshoppen.se\/index.php\/wp-json\/wp\/v2\/media\/1245"}],"wp:attachment":[{"href":"https:\/\/www.lekshoppen.se\/index.php\/wp-json\/wp\/v2\/media?parent=1244"}],"wp:term":[{"taxonomy":"product_brand","embeddable":true,"href":"https:\/\/www.lekshoppen.se\/index.php\/wp-json\/wp\/v2\/product_brand?post=1244"},{"taxonomy":"product_cat","embeddable":true,"href":"https:\/\/www.lekshoppen.se\/index.php\/wp-json\/wp\/v2\/product_cat?post=1244"},{"taxonomy":"product_tag","embeddable":true,"href":"https:\/\/www.lekshoppen.se\/index.php\/wp-json\/wp\/v2\/product_tag?post=1244"}],"curies":[{"name":"wp","href":"https:\/\/api.w.org\/{rel}","templated":true}]}}