{"id":1190,"date":"2025-11-12T16:23:37","date_gmt":"2025-11-12T15:23:37","guid":{"rendered":"https:\/\/www.lekshoppen.se\/?post_type=product&#038;p=1190"},"modified":"2025-11-12T16:23:37","modified_gmt":"2025-11-12T15:23:37","slug":"katten-pa-taket","status":"publish","type":"product","link":"https:\/\/www.lekshoppen.se\/index.php\/produkt\/katten-pa-taket\/","title":{"rendered":"Katten p\u00e5 taket"},"content":{"rendered":"<p>Katten p\u00e5 taket \u00e4r \u00e5rets barnspel 2025.<\/p>\n<p>Spela memory p\u00e5 ett nytt s\u00e4tt. V\u00e4nd EN bricka i taget! 16 memobrickor l\u00e4ggs ut, en del med f\u00e4rgsidan upp\u00e5t och resten med roliga katter. Vid varje spelrunda visas ett runt kattm\u00e4rke med katt och bakgrundsf\u00e4rg. Spelarnas uppgift \u00e4r att hitta exakt r\u00e4tt kombo av katt och f\u00e4rg, genom att v\u00e4nda en memobricka. Om b\u00e5de f\u00e4rg och katt st\u00e4mmer, f\u00e5r spelaren kattm\u00e4rket och den som samlar flest brickor<\/p>\n<p>vinner. Kul f\u00f6r hela familjen! Regler: SV,FI,DA,NO. 2-4 spelare, ca 10 min, 5+<\/p>\n","protected":false},"excerpt":{"rendered":"<p>Katten p\u00e5 taket<\/p>\n","protected":false},"featured_media":1191,"template":"","meta":[],"product_brand":[],"product_cat":[63,30,15,17,29],"product_tag":[],"class_list":{"0":"post-1190","1":"product","2":"type-product","3":"status-publish","4":"has-post-thumbnail","6":"product_cat-barn-familjespel","7":"product_cat-bradspel","8":"product_cat-leksaker","9":"product_cat-nyheter","10":"product_cat-spel","12":"first","13":"instock","14":"shipping-taxable","15":"product-type-simple"},"_links":{"self":[{"href":"https:\/\/www.lekshoppen.se\/index.php\/wp-json\/wp\/v2\/product\/1190","targetHints":{"allow":["GET"]}}],"collection":[{"href":"https:\/\/www.lekshoppen.se\/index.php\/wp-json\/wp\/v2\/product"}],"about":[{"href":"https:\/\/www.lekshoppen.se\/index.php\/wp-json\/wp\/v2\/types\/product"}],"wp:featuredmedia":[{"embeddable":true,"href":"https:\/\/www.lekshoppen.se\/index.php\/wp-json\/wp\/v2\/media\/1191"}],"wp:attachment":[{"href":"https:\/\/www.lekshoppen.se\/index.php\/wp-json\/wp\/v2\/media?parent=1190"}],"wp:term":[{"taxonomy":"product_brand","embeddable":true,"href":"https:\/\/www.lekshoppen.se\/index.php\/wp-json\/wp\/v2\/product_brand?post=1190"},{"taxonomy":"product_cat","embeddable":true,"href":"https:\/\/www.lekshoppen.se\/index.php\/wp-json\/wp\/v2\/product_cat?post=1190"},{"taxonomy":"product_tag","embeddable":true,"href":"https:\/\/www.lekshoppen.se\/index.php\/wp-json\/wp\/v2\/product_tag?post=1190"}],"curies":[{"name":"wp","href":"https:\/\/api.w.org\/{rel}","templated":true}]}}